n 22 is divided by (-4)/14 - (0 + 172/(-14)).
10
Let r(t) = t**2 + 7*t + 1. Let a be r(-7). Suppose f + 8 = 5*m, -5*m + 9 = -a. Suppose -2*k + k = -2. Calculate the remainder when f is divided by k.
0
Let p = 6 + 10. Calculate the remainder when 63 is divided by p.
15
Let n = -8 + 25. Let f(o) = 5 - 7*o - 5*o - o**2 - 5*o + 14*o. Calculate the remainder when n is divided by f(0).
2
Let a = 56 - 1. Calculate the remainder when a is divided by 14.
13
Let d(w) = -w**3 - 5*w**2 + 5*w + 1. Suppose -5 - 5 = 2*j. Let x be 2 + 9/(-3) + j. Calculate the remainder when d(x) is divided by 3.
1
Let c be 2/7 - 324/(-42). Suppose 2*o - c = -2*o, 3*o = -4*k - 90. Let w = k + 58. Calculate the remainder when w is divided by 18.
16
Calculate the remainder when (-100)/(-2) + (-3 - -6) is divided by (6/(-4))/(18/(-168)).
11
Suppose l = 81 + 6. What is the remainder when l is divided by 22?
21
Let r(l) = l**3 + 9*l**2 - l - 4. Let q be r(-9). Let f = q + 1. Calculate the remainder when 17 is divided by f.
5
Suppose 4*k - 2*k - 33 = d, -3*k + 51 = -2*d. What is the remainder when k is divided by 8?
7
Suppose -5 = 5*y + 7*d - 2*d, -4*d - 9 = -y. Let p = -9 - -14. Let x = p - y. Calculate the remainder when 10 is divided by x.
2
Suppose 24 = -v + s, 3*s + 0*s = -2*v - 58. Let i = v - -32. What is the remainder when 17 is divided by i?
5
Let w be 78/9 - (-2)/6. Suppose -1 = -g + w. What is the remainder when 37 is divided by g?
7
Let q(l) = 11*l**2 - l. Let v = 10 + -11. What is the remainder when q(1) is divided by 8 + -3 - (3 + v)?
1
Suppose 2*l + 0*l - 20 = 0. Suppose d - l = -d. Suppose -5 = -k - d*x, -4*k = x - 49 - 9. Calculate the remainder when 57 is divided by k.
12
Suppose 4*g + 4 - 620 = 0. What is the remainder when g is divided by 52?
50
Let m(c) = -41*c - 5. Let j be m(-5). Suppose -2*o + d + 21 = -79, 4*o - 4*d = j. Calculate the remainder when o is divided by 13.
11
What is the remainder when 19 is divided by -3 + 0 - (-70)/5?
8
Suppose -4*b + 3*g + 276 = 0, 342 = 5*b - 0*b - 3*g. What is the remainder when b is divided by (-53)/(-3) - 6/9?
15
What is the remainder when 9 is divided by ((-28)/(-6))/(10*(-9)/(-135))?
2
Let m(r) be the first derivative of 13*r**2/2 - 3. Calculate the remainder when 77 is divided by m(1).
12
Let v = -2 - -41. Suppose -o = -5, -4*j + v = -2*o - 51. Calculate the remainder when j is divided by 7.
4
Let q = 10 - -1. Let w = q - 2. Calculate the remainder when w is divided by 5.
4
Suppose 2*h + 7*h = 918. What is the remainder when h is divided by 26?
24
Let g(f) = 2*f + 24. Suppose -s - 4*s + 60 = 0. Calculate the remainder when g(10) is divided by s.
8
Let r(z) = z**2 + 2. Let p be r(0). Suppose -4*v - a = -2*a - 186, -3*v + 136 = a. What is the remainder when v is divided by (p/5)/(1/40)?
14
Suppose 5*g - 36 = -4*c, -30 = -3*g + 5*c - 1. Suppose 2*r + 14 = 3*r. Calculate the remainder when r is divided by g.
6
Let f(m) = -m - 5. Let a be f(-3). Let h(z) = 9*z - 9. Let y(u) = -27*u + 28. Let i(p) = a*y(p) - 7*h(p). What is the remainder when i(-5) is divided by 18?
16
Let q(n) be the second derivative of -n**3/6 - 3*n**2 - 3*n. What is the remainder when 1 is divided by q(-7)?
0
Let b(z) = 6*z**2 - 3*z. Let c be b(2). Let k = c - -28. Calculate the remainder when k is divided by 16.
14
Suppose 59*x + 1120 = 99*x. Calculate the remainder when x is divided by (-214)/(-14) - 2/7.
13
Suppose -3*n = 2*n - 70. Calculate the remainder when n is divided by 2.
0
Calculate the remainder when (11 + -6 + -85)*(-1 + -1) is divided by 54.
52
Suppose -c + 8 - 1 = 0. Suppose 0 = -4*m + 4*h - 12, 0 = -4*m - 3*h - 5. Calculate the remainder when m/5 + (-201)/(-15) is divided by c.
6
Suppose 5*x - 174 = -0*r + 2*r, 2*r = -4*x + 150. Let u = 13 - -6. Calculate the remainder when x is divided by u.
17
Let c = -201 - -213. Suppose 3*b = 15, b = 4*p + 3*b - 98. What is the remainder when p is divided by c?
10
Let n = -10 - -7. Calculate the remainder when (4 - 2)*(14 + n) is divided by 8.
6
Let z be (-1230)/(-25) - 3/15. Suppose 20 = -i + z. What is the remainder when i is divided by 16?
13
Suppose -88 = -8*b + 4*b. Calculate the remainder when b is divided by 12.
10
Let t(j) = 2*j + 34. What is the remainder when t(5) is divided by 23?
21
Calculate the remainder when 4/((-32)/(-394)) + (-1)/4 is divided by ((-1)/(-1))/((-2)/(-34)).
15
Suppose 3*q + 9 = 21. What is the remainder when 4 is divided by q?
0
Suppose 2*v + 33 = -0*v + k, -5*k = -5. Let u(m) = 8*m - 3. Let h be u(4). Let c = v + h. Calculate the remainder when 38 is divided by c.
12
Suppose b + 36 = 4*b. Suppose 4*a = 6*a - 146. Suppose -7 + a = 3*l. What is the remainder when l is divided by b?
10
What is the remainder when ((-68)/(-8)*2)/((-2)/(-6)) is divided by 19?
13
Let n be (2 - 1)*(-2 - 122). Let c = -78 - n. Let d = c + -32. Calculate the remainder when d is divided by 5.
4
Let q(v) = -14*v + 1. Let d be q(1). Let o = 18 + d. Calculate the remainder when 8 is divided by o.
3
Suppose -30*b + 34*b = 72. Calculate the remainder when b is divided by 4.
2
Let v be (-6)/4*(-4)/3. Suppose -3*k + v*k = -21. What is the remainder when 62 is divided by k?
20
What is the remainder when 8 - 7/(14/4) is divided by 4?
2
What is the remainder when 13 is divided by -4 - 22*1/(-2)?
6
Let u = 18 - 14. What is the remainder when 9 is divided by u?
1
Let n = -53 + 38. Let p = n - -24. Calculate the remainder when 1/(1 + -2) + 25 is divided by p.
6
Suppose 4*q + 79 = 5*h, -4*h - 5*q + 65 = -10*q. Calculate the remainder when h is divided by 6.
3
Suppose -4*c + 18 - 6 = 0. Calculate the remainder when 22/(-2)*(-2 + 3 - 2) is divided by c.
2
Suppose -63 = -3*a + 2*h, 2*a + 3*a - 4*h - 105 = 0. Calculate the remainder when a is divided by 11.
10
Suppose -3*u = u - 204. Suppose 105 = 5*h + 3*y, -5*h + h + y = -67. Calculate the remainder when u is divided by h.
15
Suppose 4*b - 3*y + 6*y = 133, -y = -4*b + 153. Let x = 44 + -31. Calculate the remainder when b is divided by x.
11
Suppose 0 = 2*g - 12 - 6. Suppose u - 6 = g. Suppose -6 = -3*f + 18. What is the remainder when u is divided by f?
7
Let j be (-4)/10 - 27/(-5). Let y = 8 + -4. Suppose j*x = -y*o + 52, 5*o = -6*x + x + 55. What is the remainder when 29 is divided by x?
5
Suppose -39 = -5*k + 71. Calculate the remainder when 43 is divided by k.
21
Let k = -76 - -170. Calculate the remainder when k is divided by 24.
22
Suppose 2*c = -23 + 7. Let q = c + 4. What is the remainder when 2/(-1)*10/q is divided by 3?
2
Suppose -57 = -5*j - 3*k - 6, -4*k + 53 = 5*j. What is the remainder when 35 is divided by j?
8
Let z = 32 - 14. What is the remainder when 68 is divided by z?
14
Suppose 3*u + 39 = -5*h, -3*h - 24 = -0*h + 2*u. Let i be (72/10)/(h/(-20)). Let q = i - 14. Calculate the remainder when 18 is divided by q.
8
What is the remainder when 105 is divided by 5/(60/664) + 12/(-9)?
51
What is the remainder when 906/14 + 6/21 is divided by 17?
14
Calculate the remainder when 167 is divided by 180/54*(-5)/((-25)/84).
55
Let t(w) = -w**3 + 2*w**2 + 3*w + 2. Let h be t(3). Let u = 2 - h. Let c = 3 - u. Calculate the remainder when 4 is divided by c.
1
Let b(q) = -7*q. What is the remainder when b(-1) is divided by 2?
1
Let n(w) = -w**2 - w - 12. Let j be n(0). Let f(d) = -d**3 - 7*d**2 + 7*d - 6. What is the remainder when (-3)/(-1)*(-16)/j is divided by f(-8)?
0
Suppose 5*b - 24 = -9, 3*b = 4*z - 67. What is the remainder when z is divided by 11?
8
What is the remainder when 60 is divided by (-3)/2*(-15 + 1)?
18
Let d be (4 - 2)*(-62)/(-4). Suppose -5*h + d = -q - 15, 36 = 2*h + 4*q. What is the remainder when 28 is divided by h?
8
Let v(k) be the third derivative of k**4/24 + 5*k**3/3 - 8*k**2. Let q(m) = 2*m. Let u be q(4). What is the remainder when v(u) is divided by 10?
8
Let t(i) = i**3 + 6*i**2 - 3*i - 7. Let c(u) = 5*u + 4. Let z(q) = -1. Let g(p) = c(p) - 3*z(p). Calculate the remainder when g(5) is divided by t(-6).
10
Let o(r) = r**3 - 5*r**2 + 6*r + 11. What is the remainder when o(7) is divided by 38?
37
Let f(c) = 3*c**2 + 6*c. What is the remainder when 46 is divided by f(-4)?
22
Let t = -9 - -12. Let l = -28 + 50. Suppose -2*x + q = -l, -4*x - 2*q - t*q = -72. Calculate the remainder when 51 is divided by x.
12
Let k(x) = x**2 